*w - 22 = -u*j - 7, -4*w + 8 = 2*j. Determine c(j).
6
Let z(w) = -w**2. Let k(p) = -2*p**2 + 5*p + 1. Let g(c) = -k(c) + 3*z(c). Suppose 3*d + o = -12, 5*o + 1 = -2*d - 20. Let x be 15/d - (-6)/3. Give g(x).
5
Let c(q) be the second derivative of 0*q**2 - 4*q - 1/12*q**4 + 0 + 1/20*q**5 - 1/3*q**3. Suppose 5*o - 5 = 5. Determine c(o).
0
Let w(r) = -2 - r**3 + 3*r**2 + 2 - r. Suppose 30 = -3*v - 0*v. Let h be 4/v + (-85)/(-25). Determine w(h).
-3
Suppose -20 = 5*o - 0*o. Let h be (o/(-2) - 2) + 2. Suppose -i = h*i. Let y(q) = -q**2 - 3. Calculate y(i).
-3
Let a(b) = 8*b**2 + 2*b - 1. Let j(s) = -3*s - 17. Let t be 4/(-14) + (-80)/14. Let h be j(t). Give a(h).
9
Suppose 7 = 5*j - 8. Let t(u) = -4*u**2 - 4 - u**3 - 3*u + 2*u + 1 + j*u**2. What is t(0)?
-3
Let f(g) = -g**2 + 9*g - 1. Suppose -n - 3 + 4 = 0. Let q(z) = -n - 3*z + 2 + 4*z. Let j(a) = -f(a) + 5*q(a). What is j(4)?
6
Let n(w) = 7*w + 2. Suppose 3*b - 2*k + 20 = 0, 3*b - k = -6*k + 8. Let r be b - (2 + -4*1). What is n(r)?
-12
Let l(m) = -m**2 + 2*m - 4. Suppose 3*n + 5*g = 19, -4*n - 5*g + 0*g + 22 = 0. Determine l(n).
-7
Let c(y) be the first derivative of -y**3 - y**2/2 + 2. Let w(x) = -3*x**2 - x**2 + 3*x**2 + 4 + 2*x. Let j be w(3). Calculate c(j).
-4
Suppose 2*o = -b + 19, -o + 5*b = 3*o - 3. Suppose 3*q + 9 = 45. Let d = q - o. Let a(c) = c**3 - 4*c**2 - 7*c + 7. What is a(d)?
-3
Let x(q) = q**2 + 2*q + 6 - q + q + 4*q. What is x(-5)?
1
Let r(h) = -7*h**2 - 7*h + 4*h**3 - 18 - 2*h**3 - h**3 + 7. What is r(8)?
-3
Let c(h) = 7*h**2 + h. Let v be -12*((-35)/(-4))/(-5). Suppose 0 = 5*r - 4 - v. Suppose 2*y - r = f, 4*y - 2*y - 6 = 0. Give c(f).
8
Let g(w) = 0*w**2 + 0 + 2 - 2*w**2 + w - 3. Let v(z) = -z**2. Let r(b) = -6*g(b) + 11*v(b). Give r(4).
-2
Let p(r) = -r**3 - 4*r**2 - 5*r - 2. Let a be 2/(-2) + 4/(-2). What is p(a)?
4
Let l(t) be the first derivative of -4*t + 1 + 5/2*t**2 - 1/3*t**3. Suppose -v = -6*v + 20. Calculate l(v).
0
Let f(i) = i**3 - 5*i**2 + 2*i - 1. Let q = -9 + 9. Suppose q*m = m - 2. Give f(m).
-9
Let f(j) be the third derivative of j**4/24 + j**3/3 - 5*j**2. What is f(2)?
4
Let z(t) = -t**2 + 7. Let v(c) = c**2 - 9*c - 16. Let d be v(10). What is z(d)?
-29
Let x(y) be the second derivative of -y**4/3 + y**3/3 - y**2/2 + 5*y. Calculate x(2).
-13
Suppose -11 - 3 = 2*z. Let q(m) = -m**3 - 6*m**2 + 5*m - 8. What is q(z)?
6
Let q(w) be the first derivative of w**3/3 - 5*w**2/2 + 3*w + 7. Let f be (-14)/(-6)*(1 - -2). Let m = f - 4. Calculate q(m).
-3
Let n be ((-56)/24)/((-2)/6). Let t(g) = -g + 4. What is t(n)?
-3
Suppose 0 = 5*i + 25, 1 - 22 = 2*j + 3*i. Let v = 14 - 7. Let w(m) = 11*m**3 - 2*m**2 - v*m**3 - 5*m**3 + 3*m - 1 + 0. Determine w(j).
-1
Suppose 0 = -x - 2*y - 8, -3 - 5 = 2*x + 2*y. Suppose 5*v + 0 + 10 = x. Let a(p) = p - 1. Let w(g) = 7*g - 5. Let b(m) = -6*a(m) + w(m). Determine b(v).
-1
Let v = -3 - -7. Suppose s - 4 = -0. Let t(y) = 0 - 1 - s*y + 5*y**2 - 3 - y**3. Give t(v).
-4
Let g(k) = -2*k**2 + 15*k - 8. Let m = -3 + -2. Let r(i) = -i**2 + 8*i - 4. Let x(z) = m*r(z) + 3*g(z). Determine x(4).
0
Let t(d) be the first derivative of -d**2/2 - 2*d + 1. Suppose 3*i = -i + 52. Let f = -9 + i. Calculate t(f).
-6
Let a(c) = c**3 + 5*c**2 + 2*c + 5. Suppose -4*z + 2*h - 20 = 6*h, 3*z + 5*h = -15. Calculate a(z).
-5
Let w(g) = 2*g**3 + 4*g**2 + 3*g + 1. Let r = 5 - 3. Suppose -3 = 3*c - 3*z, -4*z = r*c - c + 6. Give w(c).
-5
Let j(m) = -m**2 - m + 1. Let v(k) = 6*k**2 + 19*k + 5. Let b(p) = -5*j(p) - v(p). Determine b(-13).
3
Let m(n) = 8 - 3 + 5*n - 1 + n**2 - 8. What is m(-6)?
2
Let p = 132 + -126. Let k(m) = -m**3 + 5*m**2 + 8*m - 1. What is k(p)?
11
Let w = -2 - -1. Let d(r) = -r + r**2 + r. Let s(j) = -3*j**2 - 4*j. Let f(a) = w*s(a) - 4*d(a). What is f(4)?
0
Suppose 3*o + 5*a + 35 = 0, 2*o - 3*a + 1 = 3. Let l(d) = -3*d - 3. What is l(o)?
12
Let y(p) = -p + 1. Let c(g) = 2*g. Let w be c(2). Suppose -x = -w + 5. What is y(x)?
2
Let b(y) = 13*y - 4*y - 4*y - 6*y**2 - 4*y. What is b(1)?
-5
Let z(r) = -r**3 - r**3 + 5*r - 4*r - r**2. Calculate z(1).
-2
Suppose 2*x = -3*x + 3*h + 33, x - h = 5. Let n(g) = -g**3 + 10*g**2 - 11*g + 11. Determine n(x).
-7
Let q(u) = -u + 0*u - 7*u + 3. Calculate q(2).
-13
Let o(l) = -16 - l**2 - 4*l + 12 + 9. Calculate o(-4).
5
Let i(q) = 2*q**2 + 3*q + 3. Suppose -2 + 6 = -2*s. Determine i(s).
5
Let f(n) be the third derivative of 0*n + 2*n**2 + 0 + 1/60*n**5 - 1/6*n**3 + 1/24*n**4. Let r(m) = m**3 - 6*m**2 - 2. Let t be r(6). Determine f(t).
1
Let g(v) = 2*v**2 + 5*v - 4. Let m(k) = k - 1. Let u(j) = g(j) - 5*m(j). Let y(r) be the first derivative of u(r). Calculate y(-1).
-4
Let v(k) = -k. Let b be v(8). Let w(c) = c**3 + 9*c**2 + 9*c + 1. Calculate w(b).
-7
Let g(l) be the third derivative of -l**5/60 + l**4/12 + l**3/6 - 13*l**2. What is g(-2)?
-7
Let d = -1 + 2. Let z(u) = -4 - 2*u + u - d. Give z(0).
-5
Let f(a) = a**3 - a**2 - 1. Let m(r) = 2*r**3 - r + 2. Let z(w) = -f(w) + m(w). Let k be (-2 - -3 - 1)/(-1). What is z(k)?
3
Let g(v) be the third derivative of 0 + 1/12*v**4 + v**2 + 0*v + 2/3*v**3. Give g(-3).
-2
Let d be ((-4)/(-10))/(2/20). Suppose 4*r + 0*r = 0. Let w(x) = 3*x**2 + x - 1 - d*x**2 + r*x. What is w(1)?
-1
Let x(u) = -7*u**2 + 27*u - 19. Let f(b) = 3*b**2 - 13*b + 9. Let z(k) = 9*f(k) + 4*x(k). Give z(-9).
5
Suppose j + 5 = 2*j. Let f(o) be the second derivative of 1/12*o**4 - o - 2/3*o**3 - 1/2*o**2 + 0. What is f(j)?
4
Let x(j) = j**3 + 6*j**2 + 7. Let d = 84 + -90. Calculate x(d).
7
Let m(z) be the second derivative of -z**7/840 - z**6/180 - z**5/60 + 5*z**3/6 - z. Let x(c) be the second derivative of m(c). Give x(-2).
4
Let u(s) = s**2 + 6*s + 3. Suppose -5*l = 14 + 16. Calculate u(l).
3
Suppose 0 = -3*l - 2*q - 13, -4*q - 20 = 3*l - 3. Let a(j) = j - 2*j - 2 - 5. Calculate a(l).
-4
Let t(c) be the third derivative of c**6/120 - 7*c**5/60 + 5*c**4/24 + 7*c**3/6 + 25*c**2. Let q = 3 - -3. Give t(q).
1
Let r(n) = 6*n**2 - 1. Suppose 5*k + 5*t = -5, 2*k + 3 - 13 = 2*t. Let c = 3 - k. Calculate r(c).
5
Suppose -5*k + 35 = 5*n, 2*n - 4*k + 3 = -1. Suppose n*s = -5*h + 11, 4*h + h = -3*s + 7. Let u be (1 - s)*(-5)/3. Let f(q) = -q**3 + 5*q**2 + q - 3. Give f(u).
2
Let w(j) = -j**2 + 3*j - 3. Let a(k) = -1. Let z(i) = -3*a(i) + w(i). Let o = 15 + -11. Give z(o).
-4
Let b(z) be the second derivative of -z**4/6 - z**3/2 + z**2 + 3*z. Let w(p) be the first derivative of b(p). Give w(-3).
9
Let t(g) = -4*g**2 + 3*g**2 + 4 - 3*g**2 + 4*g + 5*g**2. Give t(-4).
4
Let g(p) = p**2 - 4*p - 1. Let c(s) = 3*s**2 + s + 1. Let t be c(-1). Calculate g(t).
-4
Let i(a) = a - 5. Let w(x) = 3*x - 20. Let o be w(9). Suppose o*g = 4*g. What is i(g)?
-5
Let u(h) be the first derivative of h**3/3 + 5*h**2/2 - 6*h + 23. Give u(-6).
0
Let p(m) = m**2 + 28*m + 131. Let w be p(-6). Let t(u) = -4*u**2 - 3*u + 4*u + 5*u**2 - 5*u**3. Calculate t(w).
5
Let r(g) = g + 2. Suppose 4*b - 13 = -1. Let i be ((-3)/(-2))/(b/4). Calculate r(i).
4
Let h = -40 + 38. Let z(w) = w**3 + w**2 - 3*w - 1. Calculate z(h).
1
Let g = -11 - -7. Let n(b) = b**3 + 4*b**2 + 5. What is n(g)?
5
Let f(q) = -20*q + 5*q - 1 + 5*q. Give f(-1).
9
Let w = 3 - 1. Let x(d) = -d**2 - 3*d**w + 3*d**2 + 6*d. Calculate x(5).
5
Let r(m) = -2 - 3*m + 3*m - 2*m. Let a(n) = n**2 + 6*n + 3. Let i be a(-2). Give r(i).
8
Let z(n) = 10*n**3 - 1 - 1 - 5*n - 9*n**3 - 4*n**2. Let u = 21 + -13. Suppose -2*q + s = -12, 4*q - u = -s + 10. What is z(q)?
-2
Let m(c) = -7*c + 3*c**2 - 3 - 4*c + c. Let o(s) = s**2 - s. Let j(r) = -m(r) + 4*o(r). Give j(-4).
-5
Let w(c) = -c**3 + 8*c**2 + c - 6. Suppose -9 = 4*m - 41. Let u be w(m). Let l(h) = -h**3 + 9*h + h**2 - 1 - h**u - 7*h. What is l(1)?
0
Let o(y) = -y - 2. Suppose -2*a = -3*b + 1, -a + 4*b + 7 = 5*b. Let r be (-6)/(8/a) + -2. Calculate o(r).
3
Let v(b) = b**2 + 6*b + 1. Let k = 18 + -23. Give v(k).
-4
Suppose 2*j = -0*j - 8. Suppose z = 5*y + 2*z - 11, 2*z - 12 = -5*y. Let f(r) = 0*r - 5*r**2 - y*r**3 + r**3 - 1 - 4*r. Calculate f(j).
-1
Let b(q) = -4*q + 1. Let k(j) = -2*j + 4. Let z be k(-5). Let n(x) = -2*x + 3. Let u be n(-7). Suppose -2*w = -0*w + 2*i - z, w = -3*i + u. What is b(w)?
-7
Suppose 0 = 2*c + k + 11, 2*k + 21 = -5*c - 5. Let p be 2*(18/c - -2). Let o(f) = f - 1. Determine o(p).
-6
Let k(m) be the second d